e prime factors of 3*7/f*7?
7
Suppose 0*d - 2*d = -8. Suppose 0 = -d*q - a + 186, a - 49 + 1 = -q. What are the prime factors of q?
2, 23
Suppose 0 = 2*g + 4*i - 76, 5*g = 8*g - 4*i - 154. What are the prime factors of g?
2, 23
Let f be (-52)/117*18/(-4). Let i(z) = 0*z + 0*z - 2 + 4*z**2 + 3*z + 0*z. What are the prime factors of i(f)?
2, 5
Suppose -25*z + 479 = -24*z. List the prime factors of z.
479
Let q(m) = -m**2 - 8*m - 3. Let f be q(-3). Suppose 17*r - 55 = f*r. Suppose 128 = 13*l - r*l. List the prime factors of l.
2
Suppose 2*k + 4 = -5*f - 9, 3*k - 5*f - 43 = 0. Suppose -5*u = -8*u + k. Suppose 6*g - u*g - 44 = 0. What are the prime factors of g?
11
What are the prime factors of ((-1500)/(-3) - -3)*1 + 2?
5, 101
Let l(s) = 4*s + 6. Let t be l(-5). Let m be 64/6 + t/21. Suppose -3*n - m = -55. What are the prime factors of n?
3, 5
Suppose 5*s = 12*s - 3024. List the prime factors of s.
2, 3
Let i(v) = -v + 13. Suppose 5 - 3 = 2*k, 2*g + k + 17 = 0. Let l be i(g). Suppose 5*a + 13 = 4*r - l, 3*r - 4*a - 26 = 0. List the prime factors of r.
2, 5
Let y(b) = 53*b - 8. Let a(i) = -160*i + 24. Let z(u) = 4*a(u) + 11*y(u). List the prime factors of z(-4).
2, 59
Suppose 0 = 120*w - 473640 - 34080. What are the prime factors of w?
4231
Let p be (-5)/(-20) - (-3)/4. Let a be 0*(-4 + 5)*p. Suppose a = 5*z - 270 + 20. What are the prime factors of z?
2, 5
Suppose 3*f = -m + 556, 394 = 2*f - 0*m - 4*m. Let t = -126 + f. List the prime factors of t.
61
Let k be -3 + -2 + 214 + -3. Suppose 0 = 4*c + 10 - k. What are the prime factors of c?
7
Let c be -1*8/12*9. Let y be 0*3/c + 5. What are the prime factors of 13/y - (-2)/5?
3
List the prime factors of 5 - (-8 + 0 - 38).
3, 17
Let k = -9375 - -13668. List the prime factors of k.
3, 53
Let z(u) = -90*u - 101. What are the prime factors of z(-12)?
11, 89
Suppose -g + 0*g + 537 = -2*v, 2 = 2*v. What are the prime factors of g?
7, 11
Let p be (-7)/(-21)*(-1 - -25). Let h = 4 - p. Let q(b) = -b**3 - 2*b**2 + 5*b + 1. List the prime factors of q(h).
13
Suppose 3*w + 8 = -4. What are the prime factors of (42/w)/((9/(-6))/3)?
3, 7
What are the prime factors of -1*3*94/(-6)?
47
Let q = 1 + 1. Let m be 8/q + (-6)/3. Suppose 132 = 5*x - k + 22, -m*k + 22 = x. List the prime factors of x.
2, 11
Let z = 4 + 4. Let q(i) = -i**2 - 9*i + 1. Let g be q(z). List the prime factors of g/(-6)*(-6)/(-5).
3
Let j = -22 + 26. Suppose -j*l = -2*l - 8, f - 5*l = -14. What are the prime factors of f?
2, 3
Let w = 50 + -28. Suppose -5*j + 7*j = w. What are the prime factors of j?
11
Let d = 445 - 290. List the prime factors of d.
5, 31
Let m = 238 + -164. What are the prime factors of m?
2, 37
Suppose -13 = 3*x + 5*d, -2*d - 22 = -5*x + 8. Suppose -x*v = 4*y - 46 - 102, -2*v = 5*y - 185. List the prime factors of y.
37
Suppose 1273 = -26*u + 5199. List the prime factors of u.
151
Suppose -a = 6*z - 3*z - 17, z + 1 = 3*a. Suppose y + 3*d = 45, 0 = 2*y + d + a - 67. What are the prime factors of y?
2, 3, 5
What are the prime factors of ((17960/(-12))/(-5))/(2/3)?
449
Let n = 8 + 26. Suppose -819 = 27*x - n*x. List the prime factors of x.
3, 13
Suppose -2604 = -5*w - c, w - 3*w + c = -1043. List the prime factors of w.
521
Let m be 1 + (-1 - -3) - 1. Let d = 7 + 110. Suppose l - d = -m*l. What are the prime factors of l?
3, 13
Let m(d) = d**3 - 4*d**2 - d + 6. Let j(x) = x**2 - 9*x - 5. Let k be j(10). Let n be m(k). Suppose o = 1 + n. List the prime factors of o.
3
Let z(s) be the second derivative of -s**4/12 - 4*s**3/3 - 4*s**2 + 7*s. Let d be z(-7). Let k(q) = -34*q - 2. List the prime factors of k(d).
2
Let w(p) = 70*p - 1. Let c be w(-3). Let s = c - -297. Suppose 4*f + 40 = 2*h - 0*f, 0 = 4*h - 2*f - s. What are the prime factors of h?
2, 11
Let p(g) be the third derivative of -g**5/120 + 37*g**4/24 - g**3/3 + 5*g**2. Let f(x) be the first derivative of p(x). List the prime factors of f(0).
37
Suppose -2*q + 2470 = -3*m, 2*q + 2460 = 4*q + 2*m. What are the prime factors of q?
2, 7, 11
Let d(c) = 2*c**3 + 28*c**2 + 50*c + 27. What are the prime factors of d(-12)?
3
List the prime factors of -1 + ((-14)/2 - -1517).
3, 503
Let w(r) be the third derivative of -r**6/120 + r**5/12 + r**3/2 - 5*r**2. Let m be w(5). What are the prime factors of (m + -2)/(1/3)?
3
Let x(o) be the first derivative of -o**4/4 - 4*o**3/3 - 2*o**2 - 2*o - 4. Let l be x(-2). Let y(q) = -2*q**3 + 2*q**2 + q. List the prime factors of y(l).
2, 11
Let t = -8 - -11. Suppose t*i + 2*i = -3*l + 101, 3*l - 113 = i. List the prime factors of l.
37
Let h = 120 + -69. Suppose h = 7*n - 390. List the prime factors of n.
3, 7
Suppose 3*a - 346 = -2*g, 9*g = -5*a + 8*g + 572. What are the prime factors of a?
2, 3, 19
Let d(t) = t + 6. Let g be d(-6). Suppose 17 = -g*v - v. Let q = 28 + v. What are the prime factors of q?
11
Let n be ((-2)/4 + 0)*-16. Let m be n + 0 - (-16 - -16). Suppose 0 = 4*a - m*a + 140. List the prime factors of a.
5, 7
Let r = 14 - 9. Suppose -7 = -r*v + 8. Suppose v*w = -2*w + 115. What are the prime factors of w?
23
Suppose 0 = 7*y - 43 + 1. Suppose 526 + 584 = y*u. List the prime factors of u.
5, 37
Let r(n) = -n**2 - 2*n. Suppose 9 = -y - 2*y. Let q be r(y). What are the prime factors of q + 1 + 15 + 0?
13
Let h(s) = -1 + 1 + 6*s - s. Suppose -3*g + 9 + 12 = 0. List the prime factors of h(g).
5, 7
What are the prime factors of (-148008)/(-280) - (-2 + 26/10)?
2, 3, 11
Let c be 2 - (-6 - (0 + -3)). Let j = c - -160. List the prime factors of j.
3, 5, 11
Suppose -a + 2*z - 3 = 0, -4*a + 2*z - 50 = -8. Let k(j) = -j**3 - 11*j**2 + 14*j + 23. What are the prime factors of k(a)?
179
Let q = 620 + -550. List the prime factors of q.
2, 5, 7
Let o = -95 - -97. Suppose 118 + 284 = o*m. What are the prime factors of m?
3, 67
Suppose 2*o + 0*o - 10 = 0. Suppose -o*a = -2*a. Suppose 0 = 2*i + 5*p - 65, -p = -a*p + 5. What are the prime factors of i?
3, 5
Let p(i) = 223*i + 327. What are the prime factors of p(5)?
2, 7, 103
Let x be (-7)/21 + 302/6. Suppose -2*o + 107 = -t - 29, -o - 4*t = -x. What are the prime factors of o?
2, 3, 11
Suppose 2*r + 2*t = 724, 5*r - 3*t + 0*t = 1834. List the prime factors of r.
5, 73
Let v = -39 - -70. Let h = v + -29. Suppose 3*a = -6, -h*u - 2*a - 20 + 68 = 0. What are the prime factors of u?
2, 13
Suppose 3*m + 2*m - 3*u - 358 = 0, -2*m = -4*u - 146. Let j = -12 + m. List the prime factors of j.
59
Let d(p) = -2*p**2 - p. Let g be d(-1). What are the prime factors of (5/(-10))/(g/122)?
61
Suppose 4*i + 3*n = 352, 88 = 3*i - 2*i - 4*n. List the prime factors of i.
2, 11
Suppose 16 - 52 = -3*o. Suppose 16 + 6 = 2*b. Let z = o + b. What are the prime factors of z?
23
Suppose 38*t + 5719 = 57*t. What are the prime factors of t?
7, 43
Let q = 134 - 90. Let h = q - 40. Suppose w - h = 10. What are the prime factors of w?
2, 7
Let m be 8*20 + (14 - 16). What are the prime factors of (m - 0) + 0/(-10)?
2, 79
Let p(l) = -80*l**2 - l**3 - 4 - 10*l - 3 + 73*l**2. Let r be p(-6). Suppose 3*a - 4*b - 51 + r = 0, 5*b = 4*a - 44. What are the prime factors of a?
2, 3
Let i = -3408 - -5948. List the prime factors of i.
2, 5, 127
Let n = -632 - -1364. List the prime factors of n.
2, 3, 61
Let m = -22 - -27. Suppose -c + 44 = -k - 3*k, -c + 35 = m*k. List the prime factors of c.
2, 5
Let n(i) = 6*i**2 + 6*i**2 - 3 - 1 + i**3 - 3*i + i. Let w be n(-12). Suppose d - w = -d. What are the prime factors of d?
2, 5
Let k(w) = w**3 - 11*w**2 - 13*w + 15. Let z be k(12). Let f = 51 + z. What are the prime factors of f?
2, 3
Suppose -32 = -9*g + 238. Let q = g + -24. List the prime factors of q.
2, 3
Suppose -3*w + x + 25 = 0, 0 = 3*x + 3 + 9. Suppose -w*p + 111 = -421. What are the prime factors of p?
2, 19
Let w(r) = -4*r - 13. Let x be w(5). Let p = x - -38. Suppose 10*u - p*u - 330 = 0. List the prime factors of u.
2, 3, 11
Let d(o) = -120*o - 544. List the prime factors of d(-21).
2, 13, 19
Suppose 19 = 2*o - 2*y + 7*y, 0 = -o + 5*y + 2. Suppose -3*b + 245 = 2*m, -m = 4*b - 55 - 80. Suppose -m = -o*z + 2*z. What are the prime factors of z?
23
Let x be 34/(-10) + (39/(-15) - -3). What are the prime factors of -2 + (x/(-2))/(3/12)?
2
Let w(j) = 46*j + 4. Let f be w(2). Suppose -2*s + 5*s - f = 0. Suppose k + 4 + 2 = 3*i, 2*i = -4*k 